-2)/(-3) + z/(-18)*34?
7
Suppose -141184 = 32*k - 480192. What is the thousands digit of k?
0
Suppose -80*n = -72*n - 6448. Suppose 59*a - 57*a - n = 0. What is the tens digit of a?
0
Let h(q) = 28*q**2 + 80*q + 1. Let p(n) = n**2 - n + 3. Let m(x) = h(x) - 6*p(x). What is the hundreds digit of m(-9)?
9
Let n be (-4)/(-34) + (-420)/102 + -5. Let f(b) = 1 + 1 - 6 - 5*b. What is the units digit of f(n)?
1
Let f(s) = 164*s**2 - 85*s - 702. What is the ten thousands digit of f(-8)?
1
Suppose -3*u - 11 = -g, -6 + 19 = 2*g - 3*u. Suppose -2*c + 4*r = -374, -2*c + 113 + 257 = -g*r. What is the hundreds digit of c?
1
Let b(c) = -16233*c - 944. What is the ten thousands digit of b(-3)?
4
Let z(r) = 83*r**2 - 73*r + 390. What is the thousands digit of z(6)?
2
Suppose -4*x + 3*r + 22 = x, 3*x + 4*r + 10 = 0. Suppose t - x*t = -12. What is the tens digit of t/(-21)*(-91)/2?
2
Let i(p) = 9*p**3 + 2*p**2 - 8*p + 3. Let x be i(5). Suppose 0 = -5*g + 2*o - x, -5*g - o - 1141 = -0*g. What is the units digit of 2*(-1 - g/8)?
5
Suppose -5*z - 9*v = -6*v - 160, z + 3*v = 20. Suppose 4*s = -4*t - 2628, 0 = -2*t - 0*s - 5*s - 1323. What is the units digit of t/(-10) - 14/z?
5
Suppose -5*x + 2028576 = 13*x + 356*x. What is the hundreds digit of x?
4
Let z(y) = 13*y - 32. Let n be z(4). What is the tens digit of (19 - n)/((-1)/626)?
2
Let y(s) = -918*s + 1104. What is the hundreds digit of y(-24)?
1
Let l(h) = 7*h**2 - 6*h - 41. Let f be l(17). Suppose f = 10*i - 2*i. Suppose 3*w = k - 177, 4*k + 5*w - 388 = i. What is the hundreds digit of k?
1
Let j(d) = d**3 - 6*d**2 + d - 78. Let h be j(12). Let x = 1034 - h. What is the hundreds digit of x?
2
Suppose 1199*r - 1203*r = -w + 1468, -5*w = 5*r - 7290. What is the hundreds digit of w?
4
Let q(s) = -s**3 - 6*s**2 + 6*s - 4. Let w be q(-7). Suppose w*h + 8*i - 30 = 3*i, i + 7 = 2*h. What is the hundreds digit of h/(-3) - -2 - (-951)/9?
1
Let s(i) = -13*i + 1581. What is the tens digit of s(-44)?
5
Let k = -81702 + 114907. What is the ten thousands digit of k?
3
What is the tens digit of (9 - -1) + (-68992)/(-22)?
4
Suppose 0 = -5*w + n - 20, 5*n = 4*w + 15 + 1. Let d be (-2)/((w + 3)/(-50)). Let i = -56 - d. What is the tens digit of i?
4
Suppose 34*f + 12480 = 4*f. Suppose -1212 = 2*l - 0*l. Let b = f - l. What is the units digit of b?
0
Suppose 2*u - 3*y = -6*y - 231, -4*y = 2*u + 232. Let v = u - -351. What is the units digit of v?
7
Let p(l) = 4*l**2 - 43*l + 3. Suppose -5*w + 3*k + 105 = 0, w = -3*k - 4 + 7. What is the units digit of p(w)?
5
Let f = 18021 + 5815. What is the hundreds digit of f?
8
Let o be (-2 - (-6 - -1))/((-3)/(-2)). Suppose -o*c = -324 - 568. What is the units digit of c?
6
What is the thousands digit of ((-5588)/6)/((-526)/789)?
1
Suppose o = 2*d + 24566 + 20124, 89371 = 2*o - d. What is the tens digit of o?
8
Let x be (2 + 84/5)/((-11)/(-440)). Suppose 2*l - x = -2*c, -3*c = 2 - 8. What is the tens digit of l?
7
Suppose -2*b + 47*y - 43*y = -29970, -b - 4*y = -14961. What is the ten thousands digit of b?
1
Suppose 8 + 27 = 5*g. Suppose -3*k + g*k = 4. What is the tens digit of (5 + (-34)/6)/(k/(-186))?
2
Suppose 7*r + 448968 = 51*r + 8*r. What is the hundreds digit of r?
6
Let m(f) = 31421*f - 8875. What is the units digit of m(3)?
8
Suppose y + 2 = 4*p, 2*p - p - 4*y = -7. Let j = 2 - 0. What is the units digit of (3914/(-114))/(j/((-6)/p))?
3
Let k(z) = 2054*z**2 + 34*z + 7. What is the tens digit of k(-2)?
5
Suppose 60*n = 59*n. Suppose 4*v + 20*v - 13320 = n. What is the units digit of v?
5
What is the units digit of (-257336)/57*108/(-24)?
6
Suppose 2*j - 5179 = -d, -2*j - 7779 = -5*j - 3*d. What is the tens digit of j?
8
Let q = -943 - -1344. Suppose -4*k - 794 = a - 3*a, -4*k = -a + q. What is the units digit of a?
3
Let w(h) = h**2 + 5*h - 3. Let a be w(-4). What is the tens digit of -3 + (-1205)/(-35) + 3/a?
3
Let z be (0 - 3)*35/(-21). What is the units digit of -1 + z + 690/5?
2
Suppose 8490 = 26*r - 11*r. Suppose r*z + 1650 = 571*z. What is the units digit of z?
0
What is the hundreds digit of (-304)/(-64)*2*(-5 - -4543)?
1
Suppose 4*r + 14 + 18 = 0. What is the units digit of (-8822)/r + (-85)/(-340)?
3
Suppose -30*r = -2*j - 33*r + 50292, r = j - 25136. What is the units digit of j?
0
Suppose 8*n = -7*n - 691320. What is the hundreds digit of ((-2)/(-2))/((-28)/n)?
6
Let o(x) = -3115*x - 3136. What is the thousands digit of o(-7)?
8
Suppose -53*p - 1850 = -43*p. What is the hundreds digit of ((-6623)/p)/((-1)/(-5))?
1
Let l be (0 - (-40 + (0 - -5)))/1. What is the thousands digit of (-10)/25 - (-49364)/l?
1
Suppose -25*b = -28*b + 27. Let m(j) be the third derivative of -j**6/120 + 11*j**5/60 - 3*j**4/8 + 5*j**3/2 - j**2. What is the tens digit of m(b)?
9
Suppose -4*g - 3*d - 52 = -2*d, 0 = -3*g + 3*d - 24. Let r be g/4 - -1*3. Suppose 0 = 3*p - a - 334, r = 5*p + 2*a - 738 + 174. What is the hundreds digit of p?
1
Let z(g) = g**2 - 3*g + 7. Suppose 2*w + q + 12 = 0, 5*w = 3*q + q - 4. What is the tens digit of z(w)?
3
Let g(d) = -d**3 + 8*d**2 - 3*d - 21. Let v be 168/16*(-8)/(-3). Let l = -22 + v. What is the tens digit of g(l)?
3
Let f be (172/(-16))/(1/(-4)). Let b = 392 + f. What is the tens digit of b?
3
Let t(y) = -17*y**2 - 5*y**3 + 3*y**3 - 35 - y**3 - 7*y - y**3 + 3*y**3. Let o be 2/4 - 70/4. What is the tens digit of t(o)?
8
Let z be (62 - 1)*2*4/(-8). Let k = 252 + z. Let l = 361 - k. What is the hundreds digit of l?
1
Let y(b) = 5*b**3 + 4*b**2 + 4*b + 3. Let s(t) = t**2 + t + 1. Let v(p) = -4*s(p) + y(p). Let r be v(1). Suppose r*d + 96 = 6*d. What is the units digit of d?
8
Let u(n) = n**2 - 18*n + 36. Let w be u(17). Suppose d = 1 + w. Let h(c) = 10*c - 22. What is the hundreds digit of h(d)?
1
Let o be 152/(-40)*1 - (-2)/(-10). Let x(v) = 36*v**2 - 9*v + 1. What is the hundreds digit of x(o)?
6
Suppose 0 = -5*u + g + 713, 5*u - 687 - 22 = 3*g. Suppose 2*y + 51 = u. Let f = y + -3. What is the tens digit of f?
4
Suppose 25*i - 20*i + 125 = 0. Let s = 28 + i. Suppose -65 = -n - n + 5*b, 4*n = s*b + 95. What is the units digit of n?
0
Suppose -19*u + 2427 = -1050. Suppose -u - 9 = -6*n. What is the units digit of n?
2
Let n = -3039 - -4611. What is the units digit of n?
2
Let z = 469 - 579. Let a be (-1 + 0)/(2/(-386)). Let j = z + a. What is the tens digit of j?
8
Let r(k) = -k**3 - k**2 + k + 1105. Suppose -64 + 64 = 4*c. What is the hundreds digit of r(c)?
1
Let s = -93 - -86. Let j be 72/s - (-2)/7. Let i(c) = -c**3 - 9*c**2 - 11*c - 1. What is the tens digit of i(j)?
0
Suppose -3*g - 21 = -159. Let k = -61 + g. What is the units digit of (-78)/4*80/k?
4
Suppose 14*q - 35 + 175 = 0. Let f(s) = 8*s - 7. Let d(w) = -8*w + 7. Let a(r) = -5*d(r) - 6*f(r). What is the units digit of a(q)?
7
Suppose 3*c - 23 = 184. Let t = c - 103. What is the tens digit of (-3)/(1/t*2)?
5
Suppose -u - 2151 - 10520 = -2*v, -2*v + 12656 = 2*u. What is the units digit of v?
3
Let g(n) = n**2 + 37 + 9*n - 60 - 42 - 4*n. What is the units digit of g(17)?
9
Let r(c) = -c**3 + 15*c**2 + 16*c - 19. Let g be r(7). Let f = g - 281. What is the units digit of f?
4
Let z(m) = m**3 + 31*m**2 - 89*m - 305. What is the thousands digit of z(-31)?
2
Let t(q) = -24*q + 111. Let r be t(9). What is the units digit of (33 - -1)*r/(-10)?
7
Let p(d) = 3*d + 21. Let z be p(0). Let o(k) = k**2 - 8*k + 7. Let a be o(z). Suppose a = u + u. What is the tens digit of u?
4
Suppose -72*o + 35*o - 259 = 0. Let y be (-3)/((-2)/((-20)/2)). Let r = o - y. What is the units digit of r?
8
Suppose -n + 3*w - 1093 = 0, 0*n - 2*w - 2170 = 2*n. Let o = n + 1548. What is the units digit of o?
1
Let g = -221 - -197. Let p(v) = v**3 + 26*v**2 + 31*v + 68. What is the hundreds digit of p(g)?
4
What is the thousands digit of 158/(-2923) + (-2803868)/(-148)?
8
Let l = 11326 + -1842. What is the hundreds digit of l?
4
Let q = -4486 + 11316. What is the tens digit of q?
3
Suppose 11*r = 4*o + 7*r - 11644, -10 = -2*r. Suppose 4*v + o = 7*v + 5*x, -3*v + 2895 = -2*x. What is the tens digit of v?
6
Suppose h - 56*h + 58395 = -4*h. What is the hundreds digit of h?
1
Let z be -3*(880/12)/(-5). Suppose -40*q = -36*q - z. What is the tens digit of (q + -5)*(-44)/(-3)?
8
Suppose -2*b + 3*w - w = 76, 4*w - 186 = 5*b. Let y = -34 - b.